prime factors of 328/20 + z/5.
2
Let n = 384 + -248. What are the prime factors of n?
2, 17
Let a(z) = z - 4. Let k be a(3). Let x(p) be the second derivative of -p**3 + p**2/2 - p. List the prime factors of x(k).
7
Suppose -7*w = -2*w + 235. Let k = -19 - w. What are the prime factors of k?
2, 7
Let g = -14 + 21. Let w = g - 3. Suppose w*v - 61 = -21. What are the prime factors of v?
2, 5
Let j be (3 - 6)/((-6)/16). Let r = 28 - j. What are the prime factors of r?
2, 5
Suppose 3*z - 9 + 3 = 0. Let b be -1 + (-8)/1*-1. Let d = z + b. What are the prime factors of d?
3
Suppose -2*c - 18 = -3*c. Suppose -a = -l - 5*a + 8, l + 2*a - c = 0. What are the prime factors of l?
2, 7
Let i = 0 + -6. Let a be (i/(-4))/(-1)*10. Let o = -8 - a. List the prime factors of o.
7
Suppose 2*q - 198 = -q. What are the prime factors of 1/(1 + (-63)/q)?
2, 11
Let a = -10 + 298. What are the prime factors of a?
2, 3
Let t(h) = -13*h + 28. What are the prime factors of t(-12)?
2, 23
Suppose -2*n = -0*n - 2, 340 = 2*i - 2*n. List the prime factors of i.
3, 19
Let n(w) = -6*w + 11. Let g(h) = -3*h + 5. Let d(x) = 5*g(x) - 3*n(x). Let c = 13 - 6. List the prime factors of d(c).
13
Suppose 0 = 5*s - 10. Let l be ((-3)/s)/((-3)/56). Suppose -3*m + w + w = -35, l = 3*m + 5*w. What are the prime factors of m?
11
Let x(z) = z**3 - 8*z**2 - z + 10. List the prime factors of x(8).
2
Let l be (-44)/(-10) + 8/(-20). Suppose -i = -5*f + 14, l*i = -0*f - 3*f - 10. Suppose 0 = 4*g - 3*p - 43, -23 = -f*g + p - 4. What are the prime factors of g?
7
Let c be (-3 - -5) + (-14)/(-1). Suppose -2*q = 2*q - c. Suppose -7 = -q*n + 21. What are the prime factors of n?
7
Suppose -3*f - 5*g - 5 = 78, 4*g = -4. Let o = -4 - f. What are the prime factors of o?
2, 11
Suppose -7*u + 450 = -u. What are the prime factors of u?
3, 5
Let i = 8 + 2. Suppose -i = -j - j. Let d = 10 - j. What are the prime factors of d?
5
Let n = 83 - 41. List the prime factors of n.
2, 3, 7
Let h(l) = l**2 - 2*l + 14. What are the prime factors of h(0)?
2, 7
Let m = -141 - -200. What are the prime factors of m?
59
Suppose 5 - 17 = -3*n. Suppose -2*r + n*s + 42 = 8*s, 4*r + s - 56 = 0. List the prime factors of r.
13
Let q(o) = -o**3 + o**2 + 38. List the prime factors of q(0).
2, 19
Let i(g) = g**2 + 12*g + 10. Let q be i(-8). Let y be -3*(q/6 - 1). Let r = y - 8. List the prime factors of r.
2, 3
Suppose -3*u + 105 = -0*u. What are the prime factors of u?
5, 7
Let d = 2 - 5. Suppose -3*r = 3 - 21. List the prime factors of (-2)/r + (-7)/d.
2
Suppose 5*b + 4*t - 410 = 0, -b + t + 42 = -31. List the prime factors of b.
2, 3, 13
Let b = -7 - -13. List the prime factors of b.
2, 3
List the prime factors of 3 - (-19)/(-6) - 1309/(-6).
2, 109
Let w(x) = -x**2 + 3*x + 8. Let c be w(7). Let h = 29 + c. List the prime factors of h.
3
Let f(b) = -2*b + 4*b + 0*b + 0*b + 3. Let x be f(-3). Let t(m) = -2*m + 2. What are the prime factors of t(x)?
2
Let g = 7 - 16. Suppose 3*i = 2*i + 3. What are the prime factors of (g/i)/(1/(-3))?
3
Let k(b) = 3*b**2 - 9*b + 7. List the prime factors of k(-5).
127
Suppose 4 = -4*k - 108. List the prime factors of k/21*(-6)/4.
2
Suppose 3*j = -2*j + 60. Suppose -4*t = -5*t. Suppose t*w - j = -w. What are the prime factors of w?
2, 3
Let x(h) = -h**2 + 3*h + 1. Let u be x(2). Suppose -5 = -5*t, -t = 2*d + u*d - 141. List the prime factors of d.
2, 7
Suppose 5*k = -2*j - 0*k - 12, 0 = j - 2*k - 12. Suppose 104 = j*s - 2*s. List the prime factors of s.
2, 13
Suppose -4*q - 60 = -0*q. Let j = -2 + 6. List the prime factors of j/(-10) - 36/q.
2
Suppose 3*l + l + 16 = -4*w, -3*w - 12 = 2*l. Suppose n + 5*h - 12 = -l*n, 5*h = 3*n - 36. What are the prime factors of n?
2, 3
Suppose -b - b + 26 = 0. Suppose 0*k - b = -k. What are the prime factors of k?
13
Let v(z) = z + 4. Suppose 2 = 2*t - 8. List the prime factors of v(t).
3
List the prime factors of -3 - (-2 - ((-6)/3 - -167)).
2, 41
Let j = 13 - -23. List the prime factors of j.
2, 3
Suppose -28 + 5 = -x. Let c = -13 + x. What are the prime factors of c?
2, 5
Let g(s) = -s**3 + 8*s**2 + 20*s + 19. List the prime factors of g(9).
2, 59
Let u(o) = -5*o + 5. Let m be u(-8). Suppose 6*b - t = b - m, 0 = b - t + 5. Let j = b - -13. List the prime factors of j.
3
Suppose 2*h + 3*f - 1 + 2 = 0, f + 7 = -2*h. List the prime factors of (1 + -2)/(h/205).
41
Let y(p) = -19*p**3 + 6*p**2 + 3. List the prime factors of y(-2).
179
Suppose 0 = -2*s - q - 0 + 1, 3*q + 6 = -3*s. Suppose -2*c = 4, 4*o = s*c - 2*c + 10. List the prime factors of 33/o*4/6.
11
Let m(c) = -c**2 + 27 + 2*c**3 - c**3 + c**2. Let g be m(0). Suppose 0 = 4*q - 87 + g. What are the prime factors of q?
3, 5
Let k(f) = -5 + 2*f**2 + f - 8*f**2 - f**3 + 13 + 0*f. Let x be k(-6). Suppose 0 = -p - 3*b + 6, -x = -p + b - 0. List the prime factors of p.
3
Let h = 254 - 93. What are the prime factors of h?
7, 23
Let q(o) = -o**3 - 4*o**2 + 21*o + 10. List the prime factors of q(-9).
2, 113
Let v(u) = 7*u**2 + 1. Let w be 2 + -1 + (-2 - -1). Suppose -5*d = -w*d - 5. What are the prime factors of v(d)?
2
What are the prime factors of 82 + -1 + -1 - -4?
2, 3, 7
Suppose 2*u - 3*f = 146, 0 = u + 2*f - 34 - 39. List the prime factors of u.
73
Suppose 3*t + 1 = 235. List the prime factors of t.
2, 3, 13
Let k(p) = 6*p + 2. Let q be k(2). Let r be 4/q - 32/14. What are the prime factors of (-90)/(-5)*(-1)/r?
3
Let v(y) be the second derivative of -y**5/20 + 7*y**4/12 + 4*y**3/3 + 9*y**2/2 + y. Let f(d) = d. Let g be f(8). What are the prime factors of v(g)?
3
List the prime factors of 216 + 7/(35/(-25)).
211
Suppose 8 = 5*u - 92. Suppose 3*o - 14 = k, -2*o - o = 5*k - u. Suppose o*m - 11 = 4*m. List the prime factors of m.
11
Let y be 5*((-28)/10 - -2). Let n(h) be the third derivative of -h**4/12 - 5*h**3/6 - h**2. List the prime factors of n(y).
3
Suppose 6 - 30 = 3*l. What are the prime factors of 246/14 - l/(-14)?
17
Suppose -4*k - 45 - 7 = 0. Let v = k - -20. List the prime factors of v.
7
What are the prime factors of (1 + -52)*2/(-3)?
2, 17
Let b(p) = -p - 4. Let z be b(-7). Let a be (z/(-5))/(5/(-50)). Let g = 3 + a. What are the prime factors of g?
3
Suppose 5*d + 3 = 2*t, 0 = 5*t + d - 4*d - 55. Let r(z) = z**2 - 7*z + t - 4 - z. List the prime factors of r(7).
3
Let y be (-15)/10*8/(-6). What are the prime factors of 24/4 - (y - 2)?
2, 3
Let y = -112 - -420. List the prime factors of y.
2, 7, 11
Suppose 238 = 2*s + 66. Let r = s + -59. Suppose 2*l + l = r. What are the prime factors of l?
3
Suppose -4*q + 74 = 2*s, -2*q - 5*s = -38 - 19. What are the prime factors of q?
2
Suppose 204 = 3*t - 3*y, 4*y = -t + 89 - 1. What are the prime factors of t?
2, 3
Let b be (0 - 2 - -1)*27. What are the prime factors of (2 + (-7)/3)*b?
3
Let s(i) = -i**3 - i**2 + i + 8. Let k = 0 - 0. Let u be s(k). List the prime factors of -2 + 1 + u*1.
7
Let h = -4 - 2. Let z be (-118)/h - 1/(-3). Suppose -13 = -3*t + z. What are the prime factors of t?
11
Let f(p) = p - 6. Let s be f(7). Suppose 18 = t + n - 4, -3*t + 78 = -n. Suppose -t = -4*m - s. What are the prime factors of m?
2, 3
Let t = -7 + 13. List the prime factors of 75/t + (-2)/(-4).
13
Suppose -4*m + 0*m + 116 = 0. Let k = 64 - m. List the prime factors of k.
5, 7
Let y be (2 + -4)*(-1 - -2). What are the prime factors of (-16)/(y*1) - 2?
2, 3
Let w(b) be the third derivative of -b**4/12 + b**3 - b**2. Let x(r) = -r**2 + 7*r - 7. Let c be x(7). What are the prime factors of w(c)?
2, 5
Let k(y) = -y**2 - 10*y - 6. Let g(t) = 4*t + 1. Let x be g(-2). List the prime factors of k(x).
3, 5
Suppose -5*i - 14 = -34. List the prime factors of (-42)/12*i/(-2).
7
Suppose -r - 5*b + 15 = 0, 0 = 4*r + 6*b - b. Suppose -p - 27 = -4*p. Let v = r + p. List the prime factors of v.
2
Let j be (4/(-6))/((-1)/(-3)). Suppose 0 = -0*g - 4*g + 40. Let p = j + g. List the prime factors of p.
2
Let h(r) = 5*r**3 + 2*r + 1. Let t be h(-1). Let i = -2 - t. What are the prime factors of 1 - i/((-8)/18)?
2, 5
Let f(g) = 2*g - 6. Let a be f(4). Suppose -5*v + a*j = -10, 5*v + 11 = -3*j - 4. Suppose -3*m + 4 + 29 = v. What are the prime factors of m?
11
Suppose 2*f - 4*f + 10 = 0, 163 = 2*n + 5*f. What are the prime factors of n?
3, 23
Let s(n) = 13*n + 1. List the prime factors of s(9)